) = 300*p + 300. What is x(-1)?
0
Let z(m) = m**3 - 12*m**2 - 9*m + 14. What is z(9)?
-310
Let u(x) = 3*x**3 + 33*x**2 - x - 43. Give u(-11).
-32
Let b(k) = k**2 - 29*k - 77. What is b(33)?
55
Let d(z) = -26*z**2 - 15*z + 11. Determine d(2).
-123
Let z(h) = h**3 + 29*h**2 - 1264*h - 194. Calculate z(24).
-2
Let g(r) = r**3 - 6*r**2 + 18*r - 46. Give g(4).
-6
Let o(j) = -j**2 - 41*j + 2126. Determine o(30).
-4
Let j(d) = 2*d**3 - 9*d**2 + 2*d - 14. Calculate j(4).
-22
Let i(a) = -2*a**3 + 2*a**2 - a + 3. Determine i(2).
-7
Let y(i) = -i**3 + 58*i**2 + i - 48. Determine y(58).
10
Let z(n) = -n**3 + 81*n**2 + 94*n - 768. Calculate z(82).
216
Let m(r) = r**2 - 6*r - 90. Give m(-7).
1
Let v(q) = -33*q - 1345. What is v(-51)?
338
Let s(q) = -80*q + 256. What is s(5)?
-144
Let t(w) = w**2 - 16*w - 753. Give t(-20).
-33
Let u(i) = i**3 + 51*i**2 + 188*i - 8. Calculate u(-47).
-8
Let w(u) = -2*u**2 + 27*u + 137. Determine w(17).
18
Let w(n) = 6701*n + 20103. Calculate w(-3).
0
Let n(i) = -19*i - 638. Give n(-33).
-11
Let t(m) = -7*m + 33. Calculate t(-4).
61
Let y(n) = -217*n + 1745. Give y(8).
9
Let x(b) = 14*b - 807. What is x(61)?
47
Let r(l) = -l**3 - 4*l**2 + 18*l - 6. Determine r(-9).
237
Let n(j) = 45*j + 105. Give n(-1).
60
Let n(y) = -170*y + 6206. Calculate n(36).
86
Let b(u) = u**3 + 8*u**2 - 51*u - 380. What is b(-9)?
-2
Let r(b) = b**2 + 27*b + 471. Give r(-22).
361
Let a(s) = -62*s + 401. Calculate a(6).
29
Let i(m) = 10*m**2 - 5*m - 31. Give i(2).
-1
Let u(m) = 2*m**2 - 102*m - 11658. What is u(106)?
2
Let n(u) = -u**2 + 13*u + 49. What is n(-7)?
-91
Let b(g) = -3*g**2 - 177*g - 409. Determine b(-56).
95
Let z(u) = -2*u**3 + 7*u**2 + 37*u - 110. Calculate z(5).
0
Let h(i) = -i**3 - 40*i**2 + 56*i + 585. What is h(-41)?
-30
Let k(r) = 6*r**2 + r + 6. Calculate k(-3).
57
Let j(m) = -605*m + 3748. Determine j(6).
118
Let p(w) = w**3 + 9*w**2 - 5*w - 47. Calculate p(-8).
57
Let f(d) = 5*d**3 - 5*d**2 - 24*d + 26. Determine f(1).
2
Let d(m) = 166*m - 1091. What is d(6)?
-95
Let f(a) = 25*a - 952. Give f(38).
-2
Let y(w) = 230*w + 15445. Determine y(-67).
35
Let p(d) = -6*d**2 - 32*d + 642. What is p(8)?
2
Let d(z) = 3*z**2 - 19*z + 5. Calculate d(5).
-15
Let p(v) = 252*v + 4970. What is p(-19)?
182
Let n(v) = -65*v**2 - 5*v - 10. Give n(-2).
-260
Let c(f) = -f**3 + 18*f**2 - 15*f - 75. Determine c(17).
-41
Let g(t) = 16*t - 55. Calculate g(-4).
-119
Let f(t) = -18*t**2 - 111*t - 1. Give f(-7).
-106
Let j(t) = 81*t + 6482. Give j(-80).
2
Let v(c) = 25*c**2 + 339*c - 531. Determine v(-15).
9
Let v(w) = -143*w - 12488. Calculate v(-86).
-190
Let n(l) = -l**2 + 21*l - 158. Give n(15).
-68
Let j(k) = -k**2 + 1947*k + 27461. Give j(-14).
7
Let c(m) = 45*m - 144. Determine c(3).
-9
Let u(w) = w**2 - 7*w - 498. Give u(-19).
-4
Let u(t) = -51*t**2 + 831*t - 241. Determine u(16).
-1
Let k(t) = 2*t**2 + 42*t + 159. Calculate k(-5).
-1
Let t(a) = a**3 + 11*a**2 - 17*a + 14. Calculate t(-11).
201
Let m(h) = -h**2 + 184*h - 553. Give m(3).
-10
Let h(g) = -2*g**3 + 13*g**2 + 1875*g - 13070. Calculate h(7).
6
Let v(o) = 339*o - 340. What is v(1)?
-1
Let z(h) = 9*h**2 + 110*h - 73. Calculate z(-13).
18
Let f(r) = -2*r - 127. Determine f(18).
-163
Let z(c) = 5*c**2 - 411*c - 1191. What is z(85)?
-1
Let a(r) = -r**2 - 11*r + 125. Calculate a(-18).
-1
Let w(u) = 55*u - 318. What is w(5)?
-43
Let o(m) = m**3 - 16*m**2 + 23*m - 7. Determine o(15).
113
Let m(v) = -1009*v**2 - 2004*v + 10. Give m(-2).
-18
Let t(o) = 5*o - 126. Determine t(-19).
-221
Let n(j) = j**3 - 14*j**2 + 59*j - 292. Calculate n(11).
-6
Let q(i) = -4*i**3 + 25*i**2 - 4*i + 4. Give q(6).
16
Let x(f) = 1376*f - 8253. What is x(6)?
3
Let t(a) = -a**3 + 65*a**2 - 355*a + 58. Calculate t(59).
-1
Let a(u) = 3686*u - 7337. Calculate a(2).
35
Let w(u) = -34*u**2 - 41*u + 120. Determine w(3).
-309
Let n(b) = -7*b**3 - 10*b**2 - 18*b + 13. Calculate n(-3).
166
Let m(c) = -24*c**2 - 9*c - 40. Give m(-3).
-229
Let k(d) = d**3 - 14*d**2 + 37*d + 26. What is k(5)?
-14
Let g(r) = -3*r**3 - 1120*r**2 - 1486*r + 766. Determine g(-372).
22
Let j(i) = -2*i**2 + 14*i - 3. Determine j(0).
-3
Let h(b) = 4*b**2 - 143*b - 3944. Calculate h(54).
-2
Let p(f) = f**3 - 28*f**2 + 21*f + 54. Calculate p(27).
-108
Let x(u) = -969*u + 4849. Give x(5).
4
Let j(s) = -18*s**2 - 3*s - 42. What is j(-4)?
-318
Let r(o) = 36*o - 97. Calculate r(0).
-97
Let l(b) = -b**2 - 122*b - 2160. Give l(-21).
-39
Let j(z) = -z**2 - 12*z + 63. What is j(-9)?
90
Let t(y) = 315*y - 4090. Calculate t(13).
5
Let s(y) = 2*y**3 + 13*y**2 + 31*y + 12. What is s(-2)?
-14
Let k(o) = -7*o**2 + 128*o + 274. Calculate k(-2).
-10
Let v(i) = i**2 - 16*i - 407. What is v(30)?
13
Let i(j) = -18*j - 89. Determine i(-7).
37
Let r(j) = -5*j**2 + 16*j + 14. Calculate r(-6).
-262
Let c(y) = 4*y**2 + 103*y + 41. Determine c(-25).
-34
Let a(l) = -l + 119. Give a(22).
97
Let i(u) = 378*u - 52132. What is i(138)?
32
Let z(w) = -116*w - 69. Give z(-1).
47
Let h(x) = -1615*x - 6432. Calculate h(-4).
28
Let u(k) = -5*k**2 + 605*k - 1207. Determine u(2).
-17
Let b(r) = -253*r + 446. What is b(2)?
-60
Let m(r) = -399*r + 30320. Give m(76).
-4
Let s(w) = -53*w - 341. Determine s(-25).
984
Let h(x) = -34*x**2 + 91*x - 182. What is h(2)?
-136
Let m(v) = 63*v + 3435. What is m(-55)?
-30
Let o(g) = 6*g**2 + 375*g + 136. What is o(-61)?
-413
Let z(o) = -o**2 + 32*o + 1770. Give z(-29).
1
Let k(s) = -1184*s + 7110. Calculate k(6).
6
Let v(u) = 32*u**3 - 2*u + 2. Give v(0).
2
Let y(z) = -z**3 - 45*z**2 - 139*z - 543. What is y(-42)?
3
Let r(a) = -2*a + 120. What is r(18)?
84
Let l(v) = 9*v**3 + 72*v**2 + 246*v + 1964. Give l(-8).
-4
Let s(d) = 2*d**3 + 15*d**2 - 22*d - 205. What is s(-6)?
35
Let q(t) = 153*t - 833. Give q(5).
-68
Let a(r) = -14*r**2 + 626*r - 446. Give a(44).
-6
Let t(c) = 153*c + 6189. Calculate t(-41).
-84
Let d(k) = -2*k**2 - 14*k + 145. What is d(11)?
-251
Let t(x) = -x**3 + 2*x**2 + 96*x - 20. Determine t(10).
140
Let u(r) = -187*r - 910. Determine u(-5).
25
Let s(u) = 3*u**2 - u - 88. What is s(8)?
96
Let b(h) = -2*h**3 + 13*h**2 - 13*h + 49. Calculate b(6).
7
Let o(f) = -f**2 + 31*f - 29. Determine o(28).
55
Let m(w) = -4692*w - 4654. Determine m(-1).
38
Let h(j) = 25*j - 192. What is h(-30)?
-942
Let g(x) = -x**3 + 6*x**2 + 4*x + 13. Determine g(3).
52
Let o(i) = 13*i**2 + 48*i - 1. Determine o(-4).
15
Let j(d) = 183*d + 6216. What is j(-34)?
-6
Let p(u) = u**3 - 36*u**2 + 139*u - 361. Calculate p(32).
-9
Let r(w) = w**3 + 46*w**2 - 65*w - 1. Give r(0).
-1
Let f(w) = 3*w**2 - 19*w - 148. Give f(11).
6
Let r(y) = 479*y + 966. Give r(-2).
8
Let d(l) = 29*l - 357. Determine d(5).
-212
Let j(l) = -l**3 + 54*l**2 - 120*l - 45. Give j(52).
-877
Let y(u) = -3*u**2 - 156*u - 1982. What is y(-30)?
-2
Let q(z) = 24*z**2 + 768*z. Give q(-32).
0
Let d(m) = -4*m - 322. Calculate d(-44).
-146
Let t(o) = 601*o - 4207. Give t(7).
0
Let x(o) = 6*o + 15. Determine x(6).
51
Let i(j) = 2181*j - 24010. What is i(11)?
-19
Let s(w) = 1086*w + 2121. What is s(-2)?
-51
Let m(i) = 2*i**3 - 52*i**2 + 339*i - 41. What is m(14)?
1
Let v(f) = f**3 + 31*f**2 - 58*f + 156. What is v(-33)?
-108
Let t(s) = 16*s**3 - 4*s**2 + 9*s + 4. Give t(1).
25
Let d(a) = -a**3 - 31*a**2 - 190*a + 76. Calculate d(-9).
4
Let c(l) = 9*l**2 + 210*l - 153. What is c(-25)?
222
Let r(a) = -a**3 - a**2 + 49*a + 36. Determine r(-7).
-13
Let t(h) = -3936*h - 59034. Calculate t(-15).
6
Let s(g) = -2*g**3 - 35*g**2 + 290*g - 48. Determine s(6).
0
Let i(j) = -135*j + 1739. Determine i(13).
-16
Let g(f) = -514*f - 7609. Give g(-15).
101
Let l(a) = -28*a**2 + 305*a + 82. Determine l(11).
49
Let b(f) = -f**2 - 97*f - 202. Determine b(-95).
-12
Let o(x) = x**2 + 81*x - 806. Calculate o(9).
4
Let q(d) = -29*d**2 + 135*d + 60. Calculate q(5).
10
Let s(q) = 965*q - 6758. What is s(7)?
-3
Let z(c) = -2*c**2 + 29*c - 53. Give z(16).
-101
Let k(f) = f**2 + 38*f - 281. Calculate k(7).
34
Let x(c) = c**2 - 396*c - 5389. Determine x(-13).
-72
Let h(r) = 5*r**2 - 47*r + 93. Determine h(3).
-3
Let f(u) = -44*u + 3290. What is f(75)?
-10
Let d(v) = 2*v**2 + 181*v + 2365. Give d(-16).
-19
Let y(d) = 591*d + 11254. What is y(-19)?
25
Let j(r) = 7*r**3 + 41*r**2 - 10*r - 22. What is j(-6)?
2
Let i(n) = 221*n + 62. Calculate i(-1).